p(l). List the prime factors of d(-1).
7, 29
Suppose 2*u = -2*u + 4*a - 8, 5*u + 3*a = 30. Suppose -3*k - 103 = -2*i, 6*i = u*i + 4*k + 152. Let x = i - 8. What are the prime factors of x?
2, 3
Suppose -60 = 5*f - 5*m, -5*f + 2*m + m - 54 = 0. Let q be f/(-30)*-6*-5. What are the prime factors of q/3*(-26)/(-6)?
13
Let r(t) = 12*t**3 - 3*t**2 - 3*t + 4. What are the prime factors of r(3)?
2, 73
Suppose -n + 2288 = 5*b, -8*b - 442 = -9*b + 5*n. List the prime factors of b.
457
Suppose 4*t = -2*b + 4, -2 = 2*b + 2. Suppose 4*z = i - 37, 4*i - 148 = z + t*z. Suppose -3*u + 53 = -i. List the prime factors of u.
2, 3, 5
Suppose -5*a + 5954 = 4*z, -2*z + 155*a = 152*a - 2966. List the prime factors of z.
2, 743
Let v(k) = 31*k + 94. List the prime factors of v(4).
2, 109
Let t be 107/4 - 10/(-40). Suppose -v = -4*v - t. What are the prime factors of 20*(-3)/v*3?
2, 5
Let s be 2/(-10) - (5 - 832/10). Let b = 93 - s. What are the prime factors of b?
3, 5
Let g(u) = 6*u - 1. Let x be 1/(-5) + 14/(-5). Let l be -3 + 2 + (-15)/x. List the prime factors of g(l).
23
Let b be 0 + 5 + (-8)/4. Suppose -5*p - 257 = -b*h, h - 163 = -h - 5*p. List the prime factors of h.
2, 3, 7
Let p = -129 - -28. Let x = p + 292. What are the prime factors of x?
191
Let y = 2111 - 1085. List the prime factors of y.
2, 3, 19
Let b = -11 + 16. Suppose -b*k + 0*k = -10. Let t = 40 - k. What are the prime factors of t?
2, 19
Let y(c) = 2*c**2 + 26*c + 27. What are the prime factors of y(-23)?
487
Suppose -2*b = y - 0*b + 65, -y - 3*b = 69. Let x = y + 63. List the prime factors of x.
2, 3
Let f(t) = -70*t - 34. List the prime factors of f(-6).
2, 193
Let d = -68 + 66. Let c(o) = 2*o - 4 + 6*o**2 - o + 0*o**2. What are the prime factors of c(d)?
2, 3
Suppose -4377*x + 11121 = -4374*x. What are the prime factors of x?
11, 337
Suppose 0 = 2*y - 3*y. Suppose y = 9*g - 10*g + 97. What are the prime factors of g?
97
Let d(l) = -11*l - 3. Let x be d(-1). Let z be -1 - 1 - (5 - 32). Let r = z - x. What are the prime factors of r?
17
What are the prime factors of 9/2*(-20)/(-3)?
2, 3, 5
Suppose -5*x + 470 = 4*v, -5*v + 335 = 4*x - 10*v. What are the prime factors of (-20)/x + (-200)/(-9)?
2, 11
Suppose 3*o + o = 28. List the prime factors of o/2*(-52)/(-91).
2
Let d be (-1)/(-4) - 102/(-8). Let p = -9 + d. Suppose 3*g - 4*u = 56, -p*u + 3 = 2*g - 1. What are the prime factors of g?
2, 3
Suppose -2*f - 2 = l, 5*f + 0*l - 5*l + 20 = 0. Let o(z) = -10*z - 7. What are the prime factors of o(f)?
13
Let i be -13 + (4/(-6))/((-20)/30). Let o(v) = 3*v - 4. Let q(m) = 4*m - 3. Let c(g) = -3*o(g) + 2*q(g). List the prime factors of c(i).
2, 3
Suppose 0 = z + 4*w - 317, 0*w - 1319 = -4*z + w. Let p = -106 + z. What are the prime factors of p?
223
Suppose -1560 = -31*y + 26*y. What are the prime factors of y?
2, 3, 13
Let a(m) = -2*m**2 - 3*m - 2. Let i be a(4). Let n = 160 + i. What are the prime factors of n?
2, 3, 19
Suppose -11 - 2 = -3*r + o, -2*o = 2. Suppose -3*q - 968 = -4*z, -4*q - 256 = r*z - 1224. List the prime factors of z.
2, 11
Suppose 7*j - 7 = -0*j. Suppose 0 = -4*r - 4*t + 4, -3*t - 8 - j = 0. List the prime factors of (-16698)/(-299) - r/(-26).
2, 7
Let t = -476 + 674. Let h = t + -93. What are the prime factors of h?
3, 5, 7
Suppose 4*l - 418 = 3110. What are the prime factors of l?
2, 3, 7
Let c(j) be the second derivative of j**4/4 + j**3/6 + 4*j. Let o be c(-1). Suppose -l = o*z - 48, 3*z + 5*l - 30 - 35 = 0. What are the prime factors of z?
5
Let z(o) = -o**2 - 5*o + 2. Let h be z(-4). Let q(l) = 2*l + 4. Let y(j) = -2*j - 4. Let m(t) = -4*q(t) - 5*y(t). What are the prime factors of m(h)?
2
Let i(f) = -24*f + 10. Let n(b) = -b**3 + 3*b**2 + b - 5. Let y be n(3). List the prime factors of i(y).
2, 29
Let f(j) = -4 + j**3 + 9 - 2*j**2 + 5*j**2 + 3*j**2. Let k be f(-5). Suppose r + 0*l = -2*l + 10, -k = -3*r + l. What are the prime factors of r?
2, 5
Let y(m) be the second derivative of 1/6*m**3 + 11/12*m**4 + 13/2*m**2 - 5*m - 1/20*m**5 + 0. List the prime factors of y(11).
2, 3
Suppose -2*t - 4*i = -3*i + 156, 5*t - 4*i + 364 = 0. List the prime factors of (9/2)/((-3)/t) + -2.
2, 7
Let v(c) = 2*c**2 - 5*c - 4. Let s be v(4). Let g(a) = -a + 2. Let m be g(s). What are the prime factors of (m/(-4))/(12/80)?
2, 5
Let y(x) = 3*x + 45. Let m be y(-15). Suppose 3*a + o - 4*o - 201 = m, 3*a + 4*o = 208. What are the prime factors of a?
2, 17
List the prime factors of ((-60)/(-8) + -5)*374.
5, 11, 17
Let s(c) be the second derivative of -1/20*c**5 - 5*c + 0*c**3 + 0 - 4*c**2 + 3/4*c**4. What are the prime factors of s(8)?
2, 7
Let o be 1/(-2) + (-1 - 3/2). List the prime factors of -2*o/(-3) - -21.
19
Suppose 2*s - 1343 = -12*j + 7*j, -5*s + 3340 = -5*j. What are the prime factors of s?
3, 223
Let x(g) = 128*g - 35. List the prime factors of x(20).
5, 101
Suppose -2*u - 392 = -3*r, -5*r - 10*u = -9*u - 675. List the prime factors of r.
2, 67
Let j(d) = 53*d**2 - 15*d + 52. What are the prime factors of j(8)?
2, 3, 277
Let g(w) = -w**2 - 12*w + 2. Let q be g(-12). Suppose v = d + 305, -679 = -4*v - q*d + 565. What are the prime factors of v?
3, 103
Let v(i) = 3*i**3 - i**2 + 4*i + 10. Let y(h) = -4*h**3 + h**2 - 5*h - 9. Let c(p) = -3*v(p) - 2*y(p). What are the prime factors of c(-4)?
2, 19
Let c(x) = -2*x**3 + x**2 - x - 2. Let r be 79/4 + 30/(-40). Suppose -7*u + o - 13 = -3*u, -2*u = -3*o + r. List the prime factors of c(u).
2, 5
Suppose 2*i = 6, -5*h - 3*i + 3194 = -2910. What are the prime factors of h?
23, 53
Suppose 4 = 6*q - 20. Suppose 311 = q*t + 75. What are the prime factors of t?
59
Let m = 303 + -24. What are the prime factors of m?
3, 31
Suppose 0 = -2*c + 4*d - 9*d + 110, -5*c = 5*d - 275. Suppose 3*x = 7*x + 5*s + c, s = -3. What are the prime factors of (-111)/(-5) + 2/x?
2, 11
Let q be (1 + (-6)/4)*17342/23. Let b = q - -664. List the prime factors of b.
7, 41
Suppose 0 = 2*g - 5*k - 69, -3*k + k - 10 = 0. Suppose 6*p - 1340 - g = 0. List the prime factors of p.
227
Suppose 0*q + 176 = -4*q. Let z = q + 88. List the prime factors of z.
2, 11
Let u(a) be the second derivative of 31*a**5/120 + a**4/12 + 4*a**3/3 - 2*a. Let o(v) be the second derivative of u(v). What are the prime factors of o(1)?
3, 11
Suppose 0 = -2*q - 22 + 62. Suppose 3*m = -2*f + 7 + 81, m - q = -3*f. List the prime factors of m.
2
Let k = 152 + 352. What are the prime factors of k?
2, 3, 7
Suppose 4*n + 0 = 12. Suppose -n*s + 148 = -218. List the prime factors of s.
2, 61
Let s(h) = 4*h - 5. Let d = -11 + 13. Let a be s(d). Suppose -a = 5*u - 63. What are the prime factors of u?
2, 3
Suppose -2*v = -5*v - 2*q + 2101, 5*q = -5*v + 3495. List the prime factors of v.
19, 37
Let b(m) = m**3 + 24*m**2 - 33*m + 30. What are the prime factors of b(-25)?
2, 5, 23
Let d(s) = -3*s + 2. Let q be -5 + 4 + (0 - 1). Let j be d(q). Suppose -3*u + 169 + j = 0. What are the prime factors of u?
59
Suppose o + 1161 = 2260. What are the prime factors of o?
7, 157
Suppose -5*c + 5*v + 16 + 4 = 0, c + 1 = -4*v. Suppose 9 = 3*s + c. Suppose 5*m + 4*l = 118, -l - 58 = -s*m + l. What are the prime factors of m?
2, 13
Let w(l) = -5*l + 11. Let j(y) = 2*y - 5. Let b(g) = -7*j(g) - 3*w(g). Let v be b(0). Suppose -7*i + 130 = -v*i. List the prime factors of i.
2, 13
Suppose -11*k = -723 - 366. Suppose -k = -2*j + 4*z - z, 5*j + z - 290 = 0. List the prime factors of j.
3, 19
Let d = -534 + 761. Suppose 3*o - 5*p = 5 + d, -2*o + 2*p + 156 = 0. List the prime factors of o.
79
Suppose -738*r - 4032 = -747*r. What are the prime factors of r?
2, 7
Let z = -93 + 96. List the prime factors of 3 + (z - (-3 - 101)).
2, 5, 11
Let y = -4 + 1. Let i be -11 + (y + -9)/4. Let g(u) = -2*u + 7. List the prime factors of g(i).
5, 7
Suppose -324 = 2*i - 6*i. Suppose -3*h = 3*m - i, -93 = -3*h - 3*m + 4*m. List the prime factors of h.
2, 3, 5
Let h(w) = 5119*w**2 + 7*w - 2. Let k(q) = -2559*q**2 - 4*q + 1. Let i(l) = 4*h(l) + 7*k(l). Let v be i(-1). List the prime factors of (-4)/26 - v/(-91).
2, 7
What are the prime factors of 1275/(-10)*(-12)/9?
2, 5, 17
Let r(l) = -l**3 + 2*l**3 + l**2 - 3*l**2 - 4*l + 3. Let v be r(3). Suppose v = -j - 0*j + 5. What are the prime factors of j?
5
Let l = 127 + 905. What are the prime factors of l?
2, 3,